st common factor of j and 8?
4
Suppose -8*j = 10*j - 234. Suppose -13*p = j*p - 4056. What is the highest common divisor of 208 and p?
52
Let u(w) = -w**3 - 14*w**2 - 14*w - 8. Let y be u(-13). Suppose -y*d = 2*j - 95, -d = 2*j - 0*j - 99. What is the highest common factor of j and 20?
10
Let o(v) = v**2 - v. Let m(n) = 5*n**2 + 29*n - 23. Let t(u) = -m(u) + 3*o(u). Let q be t(-10). What is the highest common divisor of 11 and q?
11
Let s be 1/(1190/108 + 473/(-43)). What is the greatest common divisor of 18603 and s?
27
Let y = -220 - -124. Let u = y + 144. What is the highest common factor of u and 120?
24
Suppose -5*b - 3*k + 379 = 0, -5*k + 8*k + 139 = 2*b. Calculate the highest common factor of b and 518.
74
Let c = -5627 + 5732. Calculate the greatest common factor of c and 2355.
15
Let g(a) = a**3 - 15*a**2 + 39*a - 1. Let c be g(3). Suppose c*x + 7*x - 135 = 0. Calculate the highest common factor of x and 1.
1
Suppose -h + 2*h = 0. Let j be (0 - -3) + (-1 - h). Suppose -j*d + 118 = 20. Calculate the highest common factor of 7 and d.
7
Suppose 201 = s + 196. Suppose -5*m + 210 = -5*q + 2*q, -s*m + 5*q + 210 = 0. What is the highest common factor of 14 and m?
14
Suppose 6*d - 2*d = 2*d. Let m be -5 - d*(-3)/12. Let u be 8/20 + (-6)/(-10) - m. Calculate the highest common factor of 54 and u.
6
Let s be ((9 + -2)/7)/(11/231). What is the highest common divisor of s and 7728?
21
Let p(l) = -2*l - 92. Let n(i) = -i - 37. Let o = 65 + -77. Let q(t) = o*n(t) + 5*p(t). Let r be q(15). What is the greatest common factor of r and 98?
14
Let x be (10*4/(-16))/(90/(-1368)). Calculate the highest common divisor of 22097 and x.
19
Let f(t) = -59*t + 1. Let w be f(-1). Let l be (-50)/(-4)*216/w. Suppose 47*o - 96 = l*o. What is the highest common factor of 12 and o?
12
Let x = 3227 + -2993. What is the greatest common divisor of x and 1287?
117
Suppose 8*b - 144 = 5*b. Suppose -b = -6*n + 54. Suppose 38*y - 37*y - 34 = 0. Calculate the greatest common factor of y and n.
17
Let d(a) = 14*a**2 - 3*a - 5. Let q be d(4). Suppose 4*z = -211*x + 209*x + 100, 5*z + 5*x - 135 = 0. What is the highest common divisor of z and q?
23
Let j(h) = 3*h**2 + 5*h. Let f be j(-2). Let d be 75 - 4*f/8. Let u = d - 50. Calculate the greatest common divisor of 3 and u.
3
Suppose 4*s - 3*k + 22 = -46, -2*k - 8 = 0. Let a be (s/(-4) - -37) + -1. Calculate the highest common divisor of 205 and a.
41
Suppose -396 = -c - 0*c. Let h(y) = y**3 - 22*y**2 + 12*y + 70. Let o be h(21). Let k = -83 - o. What is the greatest common divisor of k and c?
36
Let u = -488 - -738. Let k = -67 - -167. Calculate the greatest common factor of u and k.
50
Let p = 82 - 33. Let l = 81 - p. Suppose 8 = -6*v + l. What is the greatest common divisor of 20 and v?
4
Let f be (-63)/(-7 - -4) + 3. Let c = 45 + 15. What is the greatest common factor of c and f?
12
Let s(d) be the first derivative of -1 + 13*d - 1/3*d**3 - 5*d**2. Let c be s(-11). Calculate the greatest common factor of c and 22.
2
Suppose -44*z = 5*i - 7962 - 622, 5*z + 3*i - 956 = 0. What is the highest common factor of z and 9702?
98
Let x(a) = 7*a**2 + 658*a + 663. Let r be x(-93). Calculate the greatest common factor of r and 243.
3
Suppose 31458 - 2646 = 14*w. What is the highest common divisor of 42 and w?
42
Let b = 22062 - 17454. What is the highest common factor of b and 144?
144
Let l be (2 - -427)*((-348)/36 + 15). What is the highest common divisor of l and 429?
143
Let l be (-8099 - -3)*66/(-66). What is the highest common factor of l and 704?
352
Let t = 237 + -235. Suppose t*b - 485 = -109. What is the greatest common factor of 47 and b?
47
Let o be 39 + 0 + 33/11. Suppose 5*r - 356 + 46 = 0. Let t = r - o. What is the greatest common divisor of 5 and t?
5
Let k(j) = 3*j**2 - 38*j - 24. Let v be k(14). Let l be 2/(-7) - 13979/(-49). Let x be 6/2 + l/1. Calculate the highest common factor of v and x.
32
Suppose -388 = -3*w - j, -40*j + 38*j = 4. What is the highest common divisor of w and 20?
10
Let r = -5 + 7. Suppose -5*b - 5*z - 75 = 0, 34*z - 5 = -b + 29*z. Let f be (-16)/b + ((-48)/(-10))/4. What is the highest common divisor of r and f?
2
Let l be (-35)/21 + (-4760)/(-102). What is the greatest common divisor of l and 5205?
15
Let y = 584 + -480. Let t = -7 + 20. Calculate the greatest common divisor of y and t.
13
Let o = -15831 - -15848. Calculate the greatest common divisor of o and 18649.
17
Let m(s) = 3*s**2 + 24*s + 32. Let g(q) = -20 - q**2 + 2*q + 5*q + 0*q**2 + 0. Let v be g(5). Let j be m(v). What is the highest common divisor of 23 and j?
23
Suppose -5*m = -8*m - 7*p + 141, 4*m - 4*p = 148. Calculate the highest common divisor of m and 380.
20
Let k be (68 + 2)*18/5. Calculate the greatest common factor of k and 36.
36
Let g(i) = i**3 + 13*i**2 + 0*i**2 + 0*i**2 + 7*i - 35. Let n be 36/(-42)*(15 + -1). Let q be g(n). What is the greatest common factor of q and 10?
5
Let w be (-5 + 48/6)/(6/(-930)). Let j = w + 469. Let k(m) = m**2 - m. Let p be k(2). What is the greatest common factor of p and j?
2
Let q(h) = -2*h**3 - 45*h - 140. Let m be q(-5). Calculate the highest common divisor of 201 and m.
67
Suppose 0 = -3*y + 855 - 279. Suppose 3*p = -c + 3, -12 = -3*c + c - 4*p. What is the greatest common divisor of c and y?
12
Let n be ((-492)/1066)/((-2)/26). What is the greatest common divisor of n and 58?
2
Suppose -72 = 2*w + 6*w. Let d = -7 + w. Let z = d - -17. Calculate the highest common divisor of 3 and z.
1
Let o be (2/(-6))/(1/(-3)). Let a(p) = 27*p + 1. Let k be a(o). Suppose 39*x = -147*x + 5208. Calculate the greatest common divisor of k and x.
28
Let c = -249 + 432. Let s = c + -93. What is the highest common factor of s and 24?
6
Let v = 8 - -2. Let u = v - -11. Let s(m) = m**2 - 22*m + 134. Let q be s(10). Calculate the highest common factor of u and q.
7
Let i(y) = -2 - y**3 - 5*y**2 - 3 - 2 + 2*y. Let s = 3058 - 3064. Let z be i(s). What is the greatest common factor of 17 and z?
17
Let t(b) = 16*b**2 - 10*b + 42. Let r be t(7). What is the highest common factor of 486 and r?
54
Let s(b) be the second derivative of -19*b**5/10 + b**4/3 + b**3/6 - b**2/2 - 75*b + 1. Let c be s(-1). What is the highest common factor of c and 32?
8
Let r(h) = 741*h - 1458. Let m be r(2). Calculate the highest common divisor of m and 906.
6
Let w be (13080/(-52))/(-3) - 6/156*-4. What is the highest common factor of w and 84?
84
Let w(c) = 8*c**2 + 3*c. Let z be w(-2). Let a(n) = 256*n + 95. Let f be a(3). Suppose f + 1997 = 10*b. Calculate the greatest common factor of z and b.
26
Suppose -4*w - 3*f - 89 = -329, -2*w = -4*f - 76. What is the greatest common divisor of w and 6615?
27
Suppose 8*y - 6*y - 338 = 0. Suppose 116 = 3*p - 64*b + 63*b, -5*p + 198 = 3*b. What is the highest common factor of y and p?
13
Let l be -1 - (-42)/(-4)*(-7 + 5). Let g be (-5)/l + 386/8. Suppose 0 = k + 5*k - g. What is the greatest common factor of 48 and k?
8
Let v(h) = -h**3 + 13*h**2 + 62*h - 35. Let w be (-320)/30*(-3)/(-6)*-3. Let p be v(w). What is the greatest common divisor of p and 9?
9
Let w = 702 - 480. Suppose 2*q + 2*q = h - 33, -5*h + q + w = 0. What is the highest common factor of h and 9?
9
Let f(c) = 285*c - 5124. Let l be f(18). What is the highest common divisor of 478 and l?
2
Let i = -34190 + 34272. Calculate the greatest common factor of i and 3362.
82
Let k = -120 + 340. Suppose 6*a = 38 + k. What is the highest common divisor of 688 and a?
43
Let o(n) = 5*n**2 - 4*n - 4. Let s be o(-1). Suppose 16 = s*c - z, -5*c - 10 = 2*z - 38. Let l = c - -24. Calculate the highest common divisor of l and 4.
4
Let f(y) = -y**2 - 12*y - 9. Let j be f(-4). Let z be 26 + (30/1)/(-10). What is the greatest common divisor of z and j?
23
Let r be (21 - 5)*(-3 - (-119)/28). What is the greatest common factor of 4880 and r?
20
Let d(i) = -42*i + 18. Let q be d(-9). Suppose 0 = -14*r + 500 + q. What is the greatest common factor of 16 and r?
16
Suppose 663 = 4*p + 3*u, -3*p - 7*u = -8*u - 494. What is the greatest common divisor of 675 and p?
15
Let l be ((-75)/12)/(0 - (-8)/(-96)). Let i = -30 + 48. Suppose 90 = 5*a + 5*y, -5*y + i = -2*a + l. Calculate the greatest common divisor of 21 and a.
21
Suppose 0 = 2*j - 4*x - 1688,